{"id":1530,"date":"2018-06-04T19:24:08","date_gmt":"2018-06-04T18:24:08","guid":{"rendered":"http:\/\/bildungsschiff.de\/anna-lisa\/?page_id=1530"},"modified":"2023-01-22T11:11:59","modified_gmt":"2023-01-22T10:11:59","slug":"datenschutzerklaerung","status":"publish","type":"page","link":"https:\/\/bildungsschiff.de\/anna-lisa\/datenschutzerklaerung\/","title":{"rendered":"Datenschutzerkl\u00e4rung"},"content":{"rendered":"<h4 class=\"para-33\"><span class=\"font-88\">Allgemeine Datenschutzerkl\u00e4rung<\/span><\/h4>\n<h5>Wer wir sind<\/h5>\n<p>Bildungsschiff Niederelbe e.V.<\/p>\n<p>Die Adresse unserer Website ist: http:\/\/bildungsschiff.de\/anna-lisa.<\/p>\n<div class=\"vis-35 pos-190 size-267 cont-414\">\n<h4 class=\"para-33\"><span class=\"font-88\">\u00a0<\/span><\/h4>\n<div class=\"vis-35 pos-194 size-268 cont-415\">\n<p class=\"para-33\"><span class=\"font-89\">Durch die Nutzung unserer Website erkl\u00e4ren Sie sich mit der Erhebung, Verarbeitung und Nutzung von Daten gem\u00e4\u00df der nachfolgenden Beschreibung einverstanden. Unsere Website kann grunds\u00e4tzlich ohne Registrierung besucht werden. Dabei werden Daten wie beispielsweise aufgerufene Seiten bzw. Namen der abgerufenen Datei, Datum und Uhrzeit zu statistischen Zwecken auf dem Server gespeichert, ohne dass diese Daten unmittelbar auf Ihre Person bezogen werden. Personenbezogene Daten, insbesondere Name, Adresse oder E-Mail-Adresse werden soweit m\u00f6glich auf freiwilliger Basis erhoben. Ohne Ihre Einwilligung erfolgt keine Weitergabe der Daten an Dritte. Diese Website benutzt keine Cookies.<\/span><\/p>\n<p class=\"para-33\"><strong><span class=\"font-89\">Quelle:\u00a0<\/span><span class=\"font-89\">Muster-Datenschutzerkl\u00e4rung von anwalt.de<\/span><\/strong><\/p>\n<p>Wenn Sie uns eine E-Mail senden, wird Ihre E-Mail-Adresse nur f\u00fcr die Korrespondenz mit Ihnen verwendet. Wenn Sie Ihre E-Mail mit Hilfe des Kontaktformulares versenden, wird Ihre Nachricht mit den in das Formular eingegebenen Daten Ihrer E-Mail-Adresse und Ihrem Namen lediglich in Form einer E-Mail an den Empf\u00e4nger gesendet und dort auf dem Rechner zur Verarbeitung hinterlegt. Ansonsten werden diese Daten weder in einer Datenbank gespeichert, noch f\u00fcr Analysen ausgewertet noch weitergereicht.<\/p>\n<h5><strong>Newsletter<\/strong><\/h5>\n<p>E-Mailadresse und Namen, die Sie uns zur Bestellung unser Newsletter \u00fcbermitteln, werden ausschlie\u00dflich f\u00fcr den Zweck verwendet und unverz\u00fcglich gel\u00f6scht, sobald Sie den Newsletter wieder abbestellt haben. Die erteilte Einwilligung zur Speicherung der Daten, der E-Mail-Adresse sowie deren Nutzung zum Versand des Newsletters k\u00f6nnen Sie jederzeit wiederufen, etwa \u00fcber den &#8222;Abmelden&#8220; Link im Newsletter.<\/p>\n<h5><strong>Auskunftrecht<\/strong><\/h5>\n<p>Sie haben das Recht, jederzeit Auskunft dar\u00fcber zu verlangen, welche Daten \u00fcber sie gespeichert sind und zu welchem Zweck diese Speicherung erfolgt. Dar\u00fcber hinaus kann eine Berichtigung unrichtiger Daten oder die L\u00f6schung von Daten verlangt werden, deren Speicherung unzul\u00e4ssig oder nicht mehr erforderlich ist. Wenn Ihre Frage durch diese Datenschutzerkl\u00e4rung nicht beantwortet werden erteilen wir gerne weitere Ausk\u00fcnfte aufgrund schriftlicher Anfrage \u00fcber das Kontaktformular mit unserem Internetbeauftragten von Bildungsschiff Niederelbe e.V.<\/p>\n<\/div>\n<\/div>\n<h3>Eingebettete Inhalte von anderen Websites<\/h3>\n<p>Beitr\u00e4ge auf dieser Website k\u00f6nnen eingebettete Inhalte beinhalten (z.\u00a0B. Videos, Bilder, Beitr\u00e4ge etc.). Eingebettete Inhalte von anderen Websites verhalten sich exakt so, als ob der Besucher die andere Website besucht h\u00e4tte.<\/p>\n<p>Diese Websites k\u00f6nnen Daten \u00fcber Sie sammeln, Cookies benutzen, zus\u00e4tzliche Tracking-Dienste von Dritten einbetten und Ihre Interaktion mit diesem eingebetteten Inhalt aufzeichnen, inklusive Ihrer Interaktion mit dem eingebetteten Inhalt, falls Sie ein Konto haben und auf dieser Website angemeldet sind.<\/p>\n","protected":false},"excerpt":{"rendered":"<p>Allgemeine Datenschutzerkl\u00e4rung Wer wir sind Bildungsschiff Niederelbe e.V. Die Adresse unserer Website ist: http:\/\/bildungsschiff.de\/anna-lisa. \u00a0 Durch die Nutzung unserer Website&hellip;<\/p>\n","protected":false},"author":4,"featured_media":1316,"parent":0,"menu_order":0,"comment_status":"closed","ping_status":"closed","template":"","meta":{"footnotes":""},"class_list":["post-1530","page","type-page","status-publish","has-post-thumbnail","hentry"],"_links":{"self":[{"href":"https:\/\/bildungsschiff.de\/anna-lisa\/wp-json\/wp\/v2\/pages\/1530","targetHints":{"allow":["GET"]}}],"collection":[{"href":"https:\/\/bildungsschiff.de\/anna-lisa\/wp-json\/wp\/v2\/pages"}],"about":[{"href":"https:\/\/bildungsschiff.de\/anna-lisa\/wp-json\/wp\/v2\/types\/page"}],"author":[{"embeddable":true,"href":"https:\/\/bildungsschiff.de\/anna-lisa\/wp-json\/wp\/v2\/users\/4"}],"replies":[{"embeddable":true,"href":"https:\/\/bildungsschiff.de\/anna-lisa\/wp-json\/wp\/v2\/comments?post=1530"}],"version-history":[{"count":7,"href":"https:\/\/bildungsschiff.de\/anna-lisa\/wp-json\/wp\/v2\/pages\/1530\/revisions"}],"predecessor-version":[{"id":2411,"href":"https:\/\/bildungsschiff.de\/anna-lisa\/wp-json\/wp\/v2\/pages\/1530\/revisions\/2411"}],"wp:featuredmedia":[{"embeddable":true,"href":"https:\/\/bildungsschiff.de\/anna-lisa\/wp-json\/wp\/v2\/media\/1316"}],"wp:attachment":[{"href":"https:\/\/bildungsschiff.de\/anna-lisa\/wp-json\/wp\/v2\/media?parent=1530"}],"curies":[{"name":"wp","href":"https:\/\/api.w.org\/{rel}","templated":true}]}}