{"id":2014,"date":"2019-10-20T16:44:08","date_gmt":"2019-10-20T15:44:08","guid":{"rendered":"https:\/\/bildungsschiff.de\/anna-lisa\/?page_id=2014"},"modified":"2022-06-29T16:36:08","modified_gmt":"2022-06-29T15:36:08","slug":"fahrtgebiete-wattenmeer-und-elbe","status":"publish","type":"page","link":"https:\/\/bildungsschiff.de\/anna-lisa\/fahrtgebiete-wattenmeer-und-elbe\/","title":{"rendered":"Fahrtgebiete Wattenmeer und Elbe"},"content":{"rendered":"\n<p>Unsere Fahrtgebiete sind&nbsp; das Nord-und Ostfriesische Wattenmeer, die Niederelbe und ihre Nebenfl\u00fcsse. Gelegentlich befahren wir auch die Ostsee, doch meist bleiben wir im Wattenmeer, um bei Ebbe trocken zu fallen und den Meeresboden zu Fu\u00df zu erkunden. Wind und Tide bestimmen dabei unseren Weg und  Tagesablauf. <\/p>\n\n\n\n<h2 class=\"wp-block-heading\">Impressionen und Informationen \u00fcber das Segeln im Wattenmeer<\/h2>\n\n\n\n<figure class=\"wp-block-embed is-type-video is-provider-youtube wp-block-embed-youtube wp-embed-aspect-16-9 wp-has-aspect-ratio\"><div class=\"wp-block-embed__wrapper\">\n<iframe loading=\"lazy\" title=\"Nationalpark Wattenmeer Schleswig-Holstein | Deutsch\" width=\"688\" height=\"387\" src=\"https:\/\/www.youtube.com\/embed\/-i9Cq3VPjpE?feature=oembed\" frameborder=\"0\" allow=\"accelerometer; autoplay; clipboard-write; encrypted-media; gyroscope; picture-in-picture\" allowfullscreen><\/iframe>\n<\/div><\/figure>\n\n\n\n<figure class=\"wp-block-embed is-type-video is-provider-youtube wp-block-embed-youtube wp-embed-aspect-16-9 wp-has-aspect-ratio\"><div class=\"wp-block-embed__wrapper\">\n<iframe loading=\"lazy\" title=\"Land im Gezeitenstrom 05 Nordfrieslands Utlande [HD]\" width=\"688\" height=\"387\" src=\"https:\/\/www.youtube.com\/embed\/CQxzNGyEWa8?feature=oembed\" frameborder=\"0\" allow=\"accelerometer; autoplay; clipboard-write; encrypted-media; gyroscope; picture-in-picture\" allowfullscreen><\/iframe>\n<\/div><figcaption><br \/><\/figcaption><\/figure>\n\n\n\n<p>Die Website  der <a href=\"https:\/\/www.wattenschipper.de\/\">Wattenschipper <\/a>unter Segel und Motor h\u00e4lt viele n\u00fctzliche und aktuelle Revierinfos bereit. <\/p>\n\n\n\n<p><a href=\"https:\/\/www.wattsegler.de\/\">wattsegler.de<\/a>  verbreitet aktuelle Nachrichten \u00fcber das Segeln im Wattenmeer.<\/p>\n\n\n\n<p><a href=\"https:\/\/www.soltwaters.de\/\">Soltwaters <\/a>ist die Interessenvertretung der Wattfahrer. Der Verein f\u00f6rdert  den Erhalt des Wattenmeeres als erlebbares  Schutzgebiert f\u00fcr eine einmalige Natur, die f\u00fcr alle Interessenten nicht gesperrt, sondern kontrolliert zug\u00e4nglich sein soll. <\/p>\n\n\n\n<h3 class=\"wp-block-heading\">Umweltschutz<\/h3>\n\n\n\n<p>Der Schutz des Wattenmeeres und der Niederelbe als Lebensraum geh\u00f6rt von Anfang an zum Selbstverst\u00e4ndnis unseres Vereins. Mehr \u00fcber die Umweltbildungsarbeit auf und mit der ANNA-LISA erfahrt ihr unter dem Stichwort <a href=\"https:\/\/bildungsschiff.de\/anna-lisa\/bildungsarbeit\/\">Bildungsarbeit <\/a>auf dieser Website. <\/p>\n\n\n\n<figure class=\"wp-block-embed is-type-video is-provider-youtube wp-block-embed-youtube wp-embed-aspect-16-9 wp-has-aspect-ratio\"><div class=\"wp-block-embed__wrapper\">\n<iframe loading=\"lazy\" title=\"(NEU) Das Meer ist voll M\u00fcll -  Doku 2014 in HD | Dokumentation | Reportage\" width=\"688\" height=\"387\" src=\"https:\/\/www.youtube.com\/embed\/QqHmDSPzRn8?feature=oembed\" frameborder=\"0\" allow=\"accelerometer; autoplay; clipboard-write; encrypted-media; gyroscope; picture-in-picture\" allowfullscreen><\/iframe>\n<\/div><\/figure>\n\n\n\n<p>Mehr Informationen \u00fcber Naturschutz im Wattenmeer findet ihr zum Beispiel beim <a href=\"https:\/\/www.nlwkn.niedersachsen.de\/startseite\/\">Nieders\u00e4chsischen Landesbetrieb f\u00fcr Wasserwirtschaft, K\u00fcsten- und Naturschutz (NLWKN)<\/a>.<\/p>\n\n\n\n<h2 class=\"wp-block-heading\">Dichter Schiffsverkehr auf der Elbe<\/h2>\n\n\n\n<p>Heimathafen von ANNA-LISA ist Wischhafen. Die Niederelbe zwischen Cuxhafen und Stade ist daher das nat\u00fcrliche Revier des &#8222;Elbewers&#8220;. Im Kontrast zum idyllischen Wattenmeer ist die Elbe von der M\u00fcndung bis hinauf nach Hamburg ein sehr stark befahrenes Seegebiet, wie man live bei marinetraffic.com nachverfolgen kann. <\/p>\n\n\n\n<figure class=\"wp-block-embed\"><div class=\"wp-block-embed__wrapper\">\n<script type=\"text\/javascript\">\n\twidth='100%';\t\t\/\/ the width of the embedded map in pixels or percentage\n\theight='450';\t\t\/\/ the height of the embedded map in pixels or percentage\n\tborder='1';\t\t\/\/ the width of the border around the map (zero means no border)\n\tshownames='false';\t\/\/ to display ship names on the map (true or false)\n\tlatitude='53.7755';\t\/\/ the latitude of the center of the map, in decimal degrees\n\tlongitude='9.3335';\t\/\/ the longitude of the center of the map, in decimal degrees\n\tzoom='9';\t\t\/\/ the zoom level of the map (values between 2 and 17)\n\tmaptype='2';\t\t\/\/ use 0 for Normal Map, 1 for Satellite, 2 for OpenStreetMap\n\ttrackvessel='';\t\/\/ MMSI of a vessel (note: vessel will be displayed only if within range of the system) - overrides \"zoom\" option\n<\/script>\n<script type=\"text\/javascript\" src=\"\/\/www.marinetraffic.com\/js\/embed.js\"><\/script>\n<\/div><\/figure>\n\n\n\n<p>Der Verein &#8222;<a href=\"https:\/\/www.hamburg-fuer-die-elbe.de\">Hamburg f\u00fcr die Elbe<\/a>&#8220; bietet sehr viele fundierte Informationen \u00fcber die Elbe.<\/p>\n","protected":false},"excerpt":{"rendered":"<p>Unsere Fahrtgebiete sind&nbsp; das Nord-und Ostfriesische Wattenmeer, die Niederelbe und ihre Nebenfl\u00fcsse. Gelegentlich befahren wir auch die Ostsee, doch meist&hellip;<\/p>\n","protected":false},"author":4,"featured_media":377,"parent":0,"menu_order":0,"comment_status":"closed","ping_status":"closed","template":"","meta":{"footnotes":""},"class_list":["post-2014","page","type-page","status-publish","has-post-thumbnail","hentry"],"_links":{"self":[{"href":"https:\/\/bildungsschiff.de\/anna-lisa\/wp-json\/wp\/v2\/pages\/2014","targetHints":{"allow":["GET"]}}],"collection":[{"href":"https:\/\/bildungsschiff.de\/anna-lisa\/wp-json\/wp\/v2\/pages"}],"about":[{"href":"https:\/\/bildungsschiff.de\/anna-lisa\/wp-json\/wp\/v2\/types\/page"}],"author":[{"embeddable":true,"href":"https:\/\/bildungsschiff.de\/anna-lisa\/wp-json\/wp\/v2\/users\/4"}],"replies":[{"embeddable":true,"href":"https:\/\/bildungsschiff.de\/anna-lisa\/wp-json\/wp\/v2\/comments?post=2014"}],"version-history":[{"count":17,"href":"https:\/\/bildungsschiff.de\/anna-lisa\/wp-json\/wp\/v2\/pages\/2014\/revisions"}],"predecessor-version":[{"id":2379,"href":"https:\/\/bildungsschiff.de\/anna-lisa\/wp-json\/wp\/v2\/pages\/2014\/revisions\/2379"}],"wp:featuredmedia":[{"embeddable":true,"href":"https:\/\/bildungsschiff.de\/anna-lisa\/wp-json\/wp\/v2\/media\/377"}],"wp:attachment":[{"href":"https:\/\/bildungsschiff.de\/anna-lisa\/wp-json\/wp\/v2\/media?parent=2014"}],"curies":[{"name":"wp","href":"https:\/\/api.w.org\/{rel}","templated":true}]}}